
Let p(r) = -r**3 - r**2 - 2*r + 294. Let n be p(0). Suppose 105 = -2*s + 7*s. What is the highest common divisor of s and n?
21
Let b = 34 - 27. Let y(f) be the third derivative of -17*f**4/8 - f**3/3 - 3*f**2. Let s be y(-1). What is the highest common factor of s and b?
7
Let m(o) = -o**2 + o. Let i be m(1). Suppose 4*k - 4*c = -3 - 1, -k + 14 = 4*c. Suppose i = k*s - 292 - 14. Calculate the greatest common divisor of s and 17.
17
Let r be (258/(-1419))/(2/(-836)). Calculate the highest common factor of r and 361.
19
Let u be (-1164)/(-14) - -2*(-1)/14. What is the greatest common divisor of 3901 and u?
83
Let s be 7924/9 + ((-200)/90)/5. Calculate the highest common factor of 176 and s.
176
Suppose 11 + 12 = 4*a + 3*p, a - 3*p = 17. Let k be (-2 + -94)/(a/16 + -2). What is the greatest common factor of k and 352?
32
Suppose -9*d = -47 - 43. Suppose -4*o + 72 = 3*c, -25 = -4*c - o + 58. Let u be 3 + 964/c - 2/d. What is the greatest common divisor of u and 68?
17
Suppose 0*d = -d + 3*l + 30, -3*l = d - 42. Let x(j) = -j**3 - 38*j**2 + 79*j + 158. Let s be x(-40). Calculate the greatest common divisor of d and s.
18
Suppose 53*j - 19980 = 238607. What is the greatest common factor of j and 357?
119
Suppose 43*i = 24*i + 61370. What is the highest common divisor of 255 and i?
85
Let d(m) = 41*m**2 - 147*m - 64. Let a be d(4). Suppose y - 1 - 58 = 0. Suppose -9 + y = 5*l. What is the greatest common divisor of l and a?
2
Let z be (-11)/(-3) + 5/15. Let x(s) = s**2 - 5*s - 3. Let o be x(z). Let a be (-1793)/(-7) - (-1)/o. What is the greatest common divisor of 32 and a?
32
Let x = -1739 + 1989. What is the greatest common factor of 600 and x?
50
Let k = -27 + 37. Let f be (-5)/((-105)/1989) - (-16)/56. What is the greatest common divisor of f and k?
5
Suppose -i - h + 2134 = 0, 3*i - 7099 + 690 = 4*h. Calculate the highest common divisor of i and 105.
35
Let o be (-482)/(-4) + 5/10. Suppose 0 = -c + 3*c + 4*h - 52, 3*c - h - 64 = 0. Calculate the highest common divisor of c and o.
11
Let d be (62 - -1)*(12/3 - 3). Let c be (d/(-2))/((-5)/(-20)). Let i = 269 + c. Calculate the greatest common factor of i and 11.
11
Suppose 0 = -5*o + 218 + 1602. Calculate the highest common factor of 819 and o.
91
Let u be 0 + 3*3 + -1. Let p = 11261 - 11255. Let o be p/((-6)/u + 1). Calculate the greatest common factor of 96 and o.
24
Let a(j) = -j**3 + 30*j**2 + 72*j + 92. Let y be a(32). Let g = y + -114. What is the greatest common divisor of 156 and g?
78
Let r(o) = -2*o**2 + 20*o + 21. Let j(m) = m**3 - 23*m**2 + m - 14. Let u be j(23). Let p be r(u). What is the highest common divisor of 3 and p?
3
Let o = 47 - 44. Suppose b + 5*m - 9 = 0, -3*m - 129 = -5*b - 0*b. Calculate the highest common divisor of b and o.
3
Suppose 0 = -10*s + 83 + 57. Let o be (2 - (1 - 1)) + 19. Calculate the highest common divisor of s and o.
7
Let b = -24 - 26. Let s = -93 - 2. Let t = b - s. What is the highest common divisor of 5 and t?
5
Let r(o) = -31*o + 270. Let h be r(5). What is the greatest common divisor of 1058 and h?
23
Let h(k) = -2*k + 42. Let n be h(20). Let o(z) = z**2 + 4*z + 1. Let i be o(3). Calculate the highest common factor of n and i.
2
Let d(s) = -20*s**2 - 25*s**2 + 74*s**2 - 22*s**2 + 9. Let p be (3 - 0)*15/15. Let b be d(p). Calculate the highest common divisor of 8 and b.
8
Suppose -2*j = q - 5*j - 423, 4*j = -5*q + 2153. Let g = -120 - -222. Suppose 100*x + 78 = g*x. Calculate the greatest common divisor of q and x.
39
Let y be (-1 - -2)*(2453 + ((-99)/9 - -6)). Calculate the greatest common divisor of y and 12.
12
Let d(c) = -c**2 + 18*c + 2. Let h be d(17). Suppose -5*s + 5 = 0, 3*o + s - 25 = 3. Suppose 0 = o*k + 3 - 174. Calculate the highest common divisor of h and k.
19
Let g(w) = -17*w - 36. Let b be g(-2). Let i be 60*(4 + b - 1). Calculate the greatest common divisor of i and 40.
20
Suppose -5*p - 5*k + 44 = -1, 0 = -2*p - 5*k + 33. Suppose 5*i - p*i + 3*r = 36, 64 = 2*i + 4*r. What is the highest common factor of 36 and i?
12
Let o be ((-375)/(-18)*117/(-195))/((-2)/96). What is the greatest common factor of o and 1575?
75
Let i(v) = 2*v**2 - 26*v + 29. Let z be i(13). Let k(d) = 42*d + 25. Let g be k(7). What is the greatest common factor of g and z?
29
Let l be ((-60909)/(-18) - 1) + 8/(96/2). Calculate the highest common divisor of 68 and l.
17
Let j be (-57408)/(-1170) - (2 - 3)/(-15). What is the highest common factor of 322 and j?
7
Let h(o) = o**3 + 22*o**2 - 30*o + 67. Let f be h(-23). Let w = -574 + 878. Calculate the highest common divisor of f and w.
76
Let a = 16 + -16. Let r = a - -2. Suppose r*w - 416 = -86. Calculate the greatest common divisor of w and 33.
33
Suppose -113*h + 28 = -111*h. Suppose 234 = 2*u - 4*a + h, 5*a = -2*u + 220. Calculate the greatest common divisor of u and 40.
10
Suppose p + p = -4*p. Suppose p = 3*g + 3, -3*g + 2*g + 59 = 5*o. Let m be (4/8)/(-1)*-6. What is the greatest common factor of m and o?
3
Suppose -6 = 3*k, 9 = -3*y + 4*k + 14. Let t be y/(0 + -1 - 69/(-72)). Calculate the greatest common divisor of 16 and t.
8
Let m(n) = n**2 + 4*n - 5. Let f be m(2). Suppose 3*r = -r + 288. Let l = 73 - r. What is the greatest common divisor of f and l?
1
Let g be 2*9/12*(-10)/15. Let t be 33 + g/(5 + -4). Let h be (25/(-5) + t)*(-4)/(-6). Calculate the greatest common factor of 198 and h.
18
Let v be 90/(-15)*(-4)/(-3). Let h be (-1)/2*(v - -4). Let t be 88 + ((h + 3)/1 - 3). Calculate the highest common factor of 18 and t.
18
Let x = -1180 + 5737. What is the greatest common divisor of x and 31?
31
Let u = 757 + -658. Suppose -21*p + 6 = -u. What is the highest common factor of p and 115?
5
Let t(l) be the first derivative of -9*l**2/2 - 48*l - 52. Let a be t(-25). What is the greatest common factor of 59 and a?
59
Let v = -611 - -609. Let z be (-81)/(-6)*(v - (-30)/9). What is the highest common factor of 576 and z?
18
Let j = -1036 - -1054. What is the highest common divisor of 194 and j?
2
Suppose t + 252*x = 257*x + 52, 52 = t - 6*x. What is the highest common factor of 2119 and t?
13
Let o(d) = 130*d + 1094. Let u be o(-7). Calculate the greatest common divisor of u and 88.
8
Let s be (-10 + -2 + 16)/(266/132 - 2). What is the greatest common factor of s and 72?
24
Let b be 219/18 - (-2)/(-12). Let t be b/9*(-2 + 3 - -2). Suppose -5*y - q + 212 = 63, t*y - 115 = -5*q. What is the greatest common factor of y and 150?
30
Suppose 0 = -18*w + 43 + 47. Suppose 0 = -w*t + f + 19, -5*t - 17*f + 12*f + 25 = 0. What is the highest common divisor of t and 32?
4
Let j = 1241 + -1121. What is the highest common divisor of 152 and j?
8
Suppose -61 - 71 = -3*p. Suppose -9320 = 5*g - 10090. Calculate the greatest common factor of p and g.
22
Let z be ((-8)/12)/((-2)/(-69)). Let f = -11 - z. Suppose -2*b = -d - 192, 0 = 2*b - 2*d - 46 - 146. Calculate the highest common factor of f and b.
12
Let v = -167 - -178. Let f(c) = c**3 + 2*c**2 - 38*c + 71. Let m be f(10). What is the greatest common factor of m and v?
11
Suppose -2298 = -4*b - 2*x, 2 = -3*x + 5*x. Let z = b - 560. What is the highest common divisor of 399 and z?
7
Let u be 2703650/115 + -4 + 0 + -7. What is the greatest common factor of u and 126?
63
Let r(g) = 65*g - 73. Suppose -5 = 5*j + 4*u - 9, 0 = 4*j + 5*u + 4. Let x be r(j). Calculate the highest common factor of x and 34.
17
Let z = 187 + -85. Let l(p) = p**3 + 10*p**2 + 2*p - 24. Let a be l(-11). Let m = 184 + a. What is the highest common factor of m and z?
17
Let q(v) = 30*v + 210. Let p be q(-7). Suppose p = -48*y + 43*y + 3515. Calculate the highest common factor of 38 and y.
19
Let y(r) = 2*r**3 + 7*r**2 - 7*r - 7. Let v be y(-4). Suppose 0 = 6*d - v*d - 2. Suppose 9*c = d*c + 133. What is the greatest common divisor of c and 19?
19
Suppose 3*p + 4*o = -22 + 135, 5*o = -3*p + 121. Suppose 95 = -8*i + 3*i. Let v = i + p. Calculate the highest common divisor of v and 52.
4
Let j(l) = 17*l**2 - 74*l - 20. Let z be j(6). Calculate the highest common factor of z and 962.
74
Suppose 0 = -5*o + 3*o + 342. Suppose 0 = 9052*j - 9011*j - 871 + 92. What is the greatest common divisor of j and o?
19
Suppose -7*a + 11*a - 136 = 0. Suppose -q + u = -85, q - 5*u + 49 = 134. Let z be -8*(-1)/(-2)*q/